4/6 + l**3 - 3*l**2 - 2*l + 7. Determine p(4).
-14
Let y(x) = x**2 - 7*x + 15. Let h = -233 - -236. Give y(h).
3
Let c(h) = 4*h - 9*h + 8*h + 2 - 5*h. Let f be 54/15 + 2/5. Determine c(f).
-6
Let w(r) be the second derivative of -r**5/20 - 5*r**4/12 - 5*r**3/6 - r**2 + 187*r. Give w(-5).
23
Let f = 6 + -4. Let r(y) = y**3 + 4*y**2 - y + 6. Let k(a) = -a**3 - a - 1. Suppose -z = z + 2. Let q(c) = z*r(c) - 3*k(c). Determine q(f).
5
Let u(j) = -j - 2. Let z = -46 - -45. Let k = -2 + z. Give u(k).
1
Let z(h) = -82*h**2 + 160*h**2 - 6*h - 71*h**2 - 10 - h**3. Give z(5).
10
Let q(k) = k**3 - 11*k**2 - 11*k + 3. Let m = 869 - 857. Give q(m).
15
Let q(i) = -2*i + 4 + 3090*i**2 + 4*i - 3091*i**2. Suppose -3*n = 5*z - 18, -4*z = -2*z - n - 5. Determine q(z).
1
Let o(v) = 2*v - 5. Let j(a) = 11*a - 25. Let b(d) = -2*j(d) + 10*o(d). What is b(6)?
-12
Let b(n) be the third derivative of 11*n**4/24 + 20*n**3/3 + 666*n**2. Calculate b(-4).
-4
Suppose 39 = 19*s + 1. Let k(b) = -b - 2. Let q be k(-4). Let l(x) = 5*x**2 + x**2 - 2*x**3 - 3*x**q. Determine l(s).
-4
Let j(v) = -6*v + 6. Let k be (-15)/(-9) - (50/(-15) + 2). Determine j(k).
-12
Let n(h) = -h**3 + 11*h**2 - 4*h + 34. Let x be n(11). Let c(y) = -y**3 - 11*y**2 - 10*y - 8. Give c(x).
-8
Let f(g) = -g - 10. Let u(p) = 64*p**2 - 2*p - 2. Let t be u(-1). Suppose 0 = t*h - 59*h. Calculate f(h).
-10
Suppose -4*g - 4*g = -40. Let f(h) be the third derivative of h**2 + 0*h - 5/6*h**3 + 0 + 1/24*h**4. Give f(g).
0
Let k = -125 - -126. Let w(s) = 2*s + 1. What is w(k)?
3
Let x be 1*-1*(-6 + 11). Let p(m) = -3*m - 4. Give p(x).
11
Suppose 2*b + 1 = 17. Let j be (-4 - 57/(-12))*b. Let n(h) = 2*h**3 - h**3 - 3*h**2 - 3*h**2 + 8 + 0*h**2 - 2*h. Give n(j).
-4
Let c be (24/(-9))/(5/15 + -1). Let r(o) = -o**2 + 5*o - 5. Give r(c).
-1
Let f(g) be the first derivative of 4*g**3/3 + 213. Determine f(2).
16
Let p be (-10)/4*(-8 + 12)/(-120). Let z(u) be the second derivative of 0 - 3/20*u**5 + 3*u + 0*u**3 + 1/2*u**2 - p*u**4. Give z(1).
-3
Let j(n) = -n - 5. Let s be (-10)/(-65) - (-63)/13. Let y(c) = 2*c + 10. Let l(r) = s*j(r) + 2*y(r). Let o be ((-30)/(-4) - 4)/((-3)/6). Determine l(o).
2
Let h(c) = c**2 + 5*c - 1. Let x be 1/(-4) - (-414)/(-72). Determine h(x).
5
Suppose 2*x = -x + 9. Let b(p) = p + p - 6*p**2 + p**x + 14*p**2 - 2 - 12*p**2. What is b(4)?
6
Let x(n) = -n - 4*n**2 + 16*n - 9*n + 2*n**2 + 18. Determine x(6).
-18
Let a(d) = d**3 + d**2 - 2*d - 3. Suppose -n - 2*r - 3 = -1, r = -4*n + 20. Let m be -4 - (9/(-27))/(1/n). Determine a(m).
-3
Let k(n) = -n**2 + 4*n + 6. Suppose -4*m + 0*m + 4 = 0. Let c be m/4 - (-7)/4. Suppose -h + c*h - 5 = 0. Give k(h).
1
Suppose -3*n = -30 + 21. Suppose -4*d + s + 24 = 0, n*d - 2*s = 2*s + 18. Let w(m) = m**2 - 9*m + 5. Give w(d).
-13
Let d(r) = 22 - r**2 - 2*r + 0*r**2 - 3*r - 12 - 6. Let i = 4 - 3. Let n be (1/1)/(i/(-7)). What is d(n)?
-10
Let q(m) = 2*m + 2. Let l(g) = 8*g + 4. Let n(f) = -l(f) + 3*q(f). Determine n(2).
-2
Let n(b) = b. Let z(t) = 3*t. Let g(l) = 4*n(l) - z(l). Suppose 4*u - 3*d = 39, -3*d + d + 30 = 2*u. Let y be 4/u*1*-3. Calculate g(y).
-1
Let c be 2*5 - (12 + -8). Let z(w) = -w**2 + 7*w - 3. Let f be z(c). Suppose 0 = -2*b + f*b + 3*r + 6, 2*r = 3*b - 15. Let x(p) = -5*p + 4. Determine x(b).
-11
Let l(y) be the third derivative of 5*y**4/24 + y**3/3 - 122*y**2. What is l(-5)?
-23
Let o(t) = -63*t - 2. Let h(q) = -11*q. Let c(j) = 34*h(j) - 6*o(j). Give c(-6).
-12
Let w = 530 + -532. Let l(f) = 4*f + 3. Calculate l(w).
-5
Let l(a) = a - 2. Let p(x) = 25*x**3 - x**2 + x. Let h be p(1). Suppose -3*v - 7 = -h. Give l(v).
4
Let j(w) = -33*w + 22. Let z(r) = 28*r - 21. Let y(m) = -6*j(m) - 7*z(m). What is y(-10)?
-5
Let x(c) = 2*c + 1. Let z = -376 + 367. Calculate x(z).
-17
Let p(q) = 116 - 119 + 9*q + 0*q**2 - q**2. Let b be p(8). Let d(x) = x + 4. Let y(a) = -3*a - 7. Let t(n) = -7*d(n) - 3*y(n). What is t(b)?
3
Let h(l) = l - 5. Suppose -f - 4*d = -0*f + 9, 0 = -2*f - 4*d - 6. Suppose -r = -3*t - 2, -10 = f*t - 8*r + 3*r. Determine h(t).
-5
Suppose g - 18 = -3*h - 3*g, 2*h = -3*g + 13. Let m(f) = -f**h - 210 + 2*f**2 + 205 - 2*f. Calculate m(5).
10
Let w = -13 - -16. Suppose -w*l + 11 = -r, 4*l - 2*r - 20 = 2*r. Let n(a) = 0*a - 3*a + l*a + 6 - a. Give n(0).
6
Let n(r) = -r**2 - 8*r - 7. Let c(g) = -g**3 - 4*g**2 + 2*g + 8. Let x(y) = y**3 - 3*y**2 - 5*y - 1. Let l be x(4). Let t be c(l). Let v = t - 29. What is n(v)?
5
Suppose 0 = -4*z - f - 5, 2*f = 3*z - 0 + 1. Let s(o) be the second derivative of -5*o**4/6 + o**3/6 + o**2/2 + o. Calculate s(z).
-10
Let c be (-98)/(-637) + 22/26 + -1. Let z(o) = -3*o + c*o - 17*o**3 + 4 + 4*o**2 + 16*o**3. Calculate z(3).
4
Let o = -71 - -77. Let b(q) = -q - 6. Let p(k) = 3*k + 12. Let h(a) = 5*b(a) + 2*p(a). What is h(o)?
0
Let r(a) = -7*a - 6. Let w(b) = 21*b + 16. Let u(l) = -8*r(l) - 3*w(l). Determine u(1).
-7
Let u(q) = -q**3 + q**2 + 2. Suppose -8*r + 6*r + 3*a = 12, 0 = 5*r - a + 4. Give u(r).
2
Let d(v) be the second derivative of 3*v**2 + v - 1/6*v**3 + 0 + 1/12*v**4. Let b = 1 + -1. Give d(b).
6
Let p(o) be the first derivative of o**5/60 + o**4/6 + 2*o**3/3 - 1. Let f(t) be the third derivative of p(t). Let x = 250 + -247. Calculate f(x).
10
Let q(s) = -7*s**3 - 8*s**2 - 11*s + 13. Let f be 18/4*(-8)/6. Let g(x) = -15*x**3 - 16*x**2 - 23*x + 27. Let v(c) = f*g(c) + 13*q(c). Give v(-7).
-7
Let t(z) be the first derivative of -z**4/4 + 5*z**3/3 - z**2 + 6*z - 223. Give t(5).
-4
Let h(x) = -12*x + 7. Let l(p) = -6 - p + 0*p + 7. Let f(n) = -h(n) + 6*l(n). Calculate f(1).
5
Let x(s) be the second derivative of -s**4/6 - s**3/6 - s. Let y be x(-1). Let u(a) = -5*a**2 - a. Let l be u(y). Let t(j) = -j**2 - 5*j - 1. Determine t(l).
3
Let l(z) = 3*z + 1. Let i(b) = b + 1 + 4 - 2 + 5*b. Let r(k) = -2*i(k) + 5*l(k). Let o = -207 - -205. What is r(o)?
-7
Let s be 15/195 - 128/(-26). Let z(h) = h**3 - 5*h**2 + 4*h - 2. Determine z(s).
18
Let l(o) = -o**2 - o - 1. Let s be ((-1)/(6/(-8)))/(2/(-3)). Let t be (s - ((-4)/(-5) - 2))*5. Give l(t).
-13
Suppose -9*u - 10 = -14*u. Let t(g) be the first derivative of -5*g**2/2 + 3*g - 219. Give t(u).
-7
Let n(b) = b**3 - 4*b**2 - 2*b + 12. Let j be n(4). Let u(d) = d**2 - 1 - 6 + 1 + 7 - j*d. Let r(v) = -2*v - 1. Let s be r(-3). Calculate u(s).
6
Let v(m) be the second derivative of m**4/6 - 2*m**3 - m**2 - 435*m. Give v(5).
-12
Let a(v) = -v**3 - 7*v**2 + 10*v + 11. Suppose 30 = -5*j - 10. Calculate a(j).
-5
Let c(r) be the second derivative of r**5/20 - 2*r**4/3 - 11*r**3/6 + 6*r**2 - 12*r + 4. What is c(9)?
-6
Suppose -16 = -6*s + 38. Let m(h) = h**3 - 10*h**2 + 8*h + 11. Let x be m(s). Let t(y) = 3*y**2 + 3*y - 2. What is t(x)?
16
Let c(b) = 21*b**3 + 3*b**2 - 3*b - 7. Let n(f) = -25*f**3 - 4*f**2 + 3*f + 8. Let w(d) = -6*c(d) - 5*n(d). Give w(3).
2
Suppose -44*v - 111 = 109. Let p(s) be the third derivative of -s**4/24 - 5*s**3/6 + 2*s**2. Determine p(v).
0
Let s = -91 - -47. Let q = -43 - s. Let l(b) = 4*b**3 + 1. Determine l(q).
5
Let q(i) = -20*i - 2. Let o be (4*13/26)/(-1 - 1). Determine q(o).
18
Let v(i) = -17 + 3*i - 15 + 13. Determine v(7).
2
Let v(g) be the first derivative of -2*g**3 - g**2/2 - g + 3. Let q be ((-26)/(-10) - 2)*-5. Let m(n) = n**3 + 4*n**2 + 2*n - 4. Let x be m(q). Determine v(x).
-6
Let s(u) be the first derivative of -u**4/4 + 7*u**3/3 - 3*u**2/2 + 71. Give s(6).
18
Let x = -11 - -11. Let z(s) = -s - 2. Let j(g) = -2*g - 5. Suppose -4*q - 2*d = 38, -5*q + d - 67 = -3*d. Let o(i) = q*z(i) + 6*j(i). Determine o(x).
-8
Let x(j) = -3*j**3 + 2*j**3 - 6*j - 70*j**2 - 3 + 2*j**3 + 74*j**2. Suppose -4*b - b = 15, -4*b = 4*a + 32. Determine x(a).
2
Let k(m) = -2*m + 1. Let i(h) = h**2 + h + 6. Let a(f) = -i(f) - k(f). Suppose 2*j + 2*j = 0. Calculate a(j).
-7
Let h(x) = -x**2 + x + 2. Let y(b) = -b + 9. Let s be y(-7). Let u be 2/(3 - 2) - 18. Let g = s + u. What is h(g)?
2
Suppose 7*d - 9*d = -6. Let k be d*4/12 + -3. Let x be (-7 - k)*(2 + -3). Let r(h) = h**2 - 4*h - 3. What is r(x)?
2
Let z(v) = v**2 + 4*v - 4. Suppose 0 = -6*y - 2*y - 368. Let f = 41 + y. What is z(f)?
1
Suppose -6*w + 96 = 24. Let j be 20/8*w/(-10). Let k(p) = -p**2 - 2*p. Calculate k(j).
-3
Let k = -26 + 23. Let j(p) = -9*p + 11*p + 10*p - 1 - 4*p. Calculate j(k).
-25
